Is 2022618131 prime?
True
Is 28388081507 a prime number?
False
Is 183707648003 a prime number?
False
Is 1397858047 a prime number?
False
Is 29804034305 composite?
True
Is 1071924415 a composite number?
True
Is 18434518303 a prime number?
True
Is 1153523218 a prime number?
False
Is 5300047465 a composite number?
True
Is 43490939447 a prime number?
False
Is 383146093 composite?
True
Is 6516229747 composite?
True
Is 126935729 a composite number?
False
Is 1558933829 a prime number?
True
Is 10484768221 a composite number?
True
Is 5905229119 a composite number?
True
Is 35074897279 composite?
False
Is 2005849591 composite?
False
Is 6987649913 a composite number?
False
Is 528555733 composite?
False
Is 371461801 composite?
False
Is 201558467521 a composite number?
False
Is 655853603 prime?
True
Is 1143405689 a composite number?
True
Is 946988719 prime?
True
Is 20789969407 prime?
True
Is 602760413 a prime number?
False
Is 18327214183 prime?
True
Is 1717254089 composite?
True
Is 5869559251 composite?
True
Is 3993152557 a composite number?
False
Is 2308244921 a prime number?
False
Is 48076739863 a prime number?
True
Is 7062161467 a prime number?
True
Is 440295409 a prime number?
False
Is 4138786517 a composite number?
True
Is 11803325099 a composite number?
False
Is 888067441 a prime number?
True
Is 11139502237 composite?
True
Is 8584911149 a prime number?
True
Is 1795149568583 prime?
False
Is 12601396919 prime?
False
Is 26115781 a prime number?
False
Is 79334396153 composite?
True
Is 38070985231 composite?
True
Is 36555586433 a prime number?
False
Is 7001581667 prime?
False
Is 69214937 a prime number?
False
Is 191416705 a composite number?
True
Is 3631086187 prime?
False
Is 148257555429 a composite number?
True
Is 41642449543 a composite number?
False
Is 53064948823 a prime number?
True
Is 595372331 a composite number?
False
Is 113438651 a prime number?
False
Is 10450824719 a composite number?
False
Is 6827024453 composite?
True
Is 34465552777 prime?
True
Is 184759664417 composite?
False
Is 40060637 a prime number?
True
Is 1698344513 prime?
False
Is 852017503 a composite number?
True
Is 80319873869 composite?
False
Is 18003541421 a composite number?
False
Is 17684027033 composite?
False
Is 132612074831 prime?
True
Is 143788129549 a composite number?
True
Is 891067439 a prime number?
True
Is 1469075471 a composite number?
False
Is 870157901 a prime number?
False
Is 1772066657 prime?
False
Is 17914224943 a prime number?
False
Is 44081735 a composite number?
True
Is 166411529 composite?
True
Is 87915887 a prime number?
False
Is 674135771 composite?
False
Is 58883455817 a prime number?
True
Is 28745535941 a prime number?
False
Is 46062653561 a prime number?
True
Is 4687637803 a composite number?
False
Is 241840282 prime?
False
Is 11936501677 a composite number?
False
Is 4339671689 a prime number?
True
Is 1176754027 prime?
True
Is 90867157 a composite number?
False
Is 7690962007 a composite number?
False
Is 845221933 a prime number?
True
Is 433556447 a composite number?
True
Is 11623066541 a prime number?
True
Is 1242487735 composite?
True
Is 28747022749 prime?
True
Is 1810541283 composite?
True
Is 2436778891 a prime number?
False
Is 11038413677 composite?
False
Is 5372931778 composite?
True
Is 39066502 a prime number?
False
Is 18775106209 a composite number?
False
Is 9896836903 a prime number?
False
Is 45039465699 a composite number?
True
Is 14878037767 composite?
False
Is 2369991517 a composite number?
False
Is 423460294877 prime?
True
Is 2734352669 composite?
True
Is 11335138015 composite?
True
Is 1403118809 a composite number?
True
Is 349455323 a composite number?
True
Is 1626116959 composite?
True
Is 640270013 composite?
False
Is 56642558447 prime?
False
Is 3842135161 a composite number?
True
Is 402179257 prime?
False
Is 37742219 composite?
True
Is 2395498667 a prime number?
False
Is 17527969423 prime?
True
Is 204461506993 prime?
False
Is 76168909 prime?
False
Is 27852724763 composite?
False
Is 463501879 composite?
True
Is 872474363 composite?
False
Is 1862280239 a composite number?
True
Is 115732891 prime?
True
Is 129067151 prime?
True
Is 1353888337 composite?
True
Is 48280618874 a prime number?
False
Is 6589649203 a composite number?
False
Is 2947547839 prime?
False
Is 167377191053 prime?
True
Is 416848853 a composite number?
False
Is 932883359 prime?
False
Is 2367338317 a prime number?
True
Is 887199947 prime?
True
Is 208046502203 a prime number?
True
Is 774022772371 prime?
True
Is 422246639 a composite number?
False
Is 3860203397 a prime number?
True
Is 18611610403 composite?
False
Is 8556785326 a composite number?
True
Is 3801609307 composite?
True
Is 266126128163 prime?
False
Is 700965901 prime?
False
Is 33857242303 a prime number?
True
Is 773668549 a prime number?
False
Is 1585819757 a prime number?
False
Is 8606589611 prime?
True
Is 474686659 a composite number?
True
Is 1206001129 a prime number?
True
Is 1463475103 a composite number?
False
Is 1946653927 a composite number?
False
Is 12031463989 composite?
False
Is 262101131 a composite number?
False
Is 1658432609 a composite number?
False
Is 1749680107 a prime number?
False
Is 2901074393 prime?
False
Is 4452365517 composite?
True
Is 5902746743 a prime number?
True
Is 32534595349 a prime number?
False
Is 655135104341 a prime number?
True
Is 433930727 a composite number?
False
Is 4307014249 prime?
True
Is 32623474141 prime?
True
Is 276754447 a composite number?
False
Is 12547820119 a composite number?
True
Is 189966022 prime?
False
Is 69033505159 composite?
True
Is 681309857 a prime number?
True
Is 15290121149 prime?
False
Is 854228009 composite?
True
Is 25806359 a composite number?
False
Is 10352538853 a composite number?
False
Is 220907567451 a composite number?
True
Is 440259959 a prime number?
True
Is 202021529 a composite number?
False
Is 12459006697 prime?
True
Is 408456010285 prime?
False
Is 558514007 a prime number?
True
Is 188337251 a composite number?
True
Is 2721356303 a prime number?
True
Is 2173815937 composite?
True
Is 994839851 a composite number?
False
Is 48927113 composite?
False
Is 6495869603 a prime number?
False
Is 2364129539 prime?
True
Is 92111427313 composite?
True
Is 24624614947 composite?
True
Is 7531779257 a prime number?
True
Is 20781334427 a composite number?
True
Is 1040381627 a prime number?
False
Is 2204590769 a composite number?
False
Is 106426155833 a composite number?
False
Is 4358247547 prime?
False
Is 242154707 composite?
True
Is 41384150777 composite?
True
Is 1116437213 a prime number?
False
Is 3469097143 a composite number?
False
Is 753256979 a prime number?
True
Is 83421883 a composite number?
False
Is 85061609 prime?
False
Is 5545602637 prime?
False
Is 17376360641 prime?
True
Is 18103269853 composite?
True
Is 1144866253 prime?
True
Is 411893717 prime?
False
Is 6091418499 a composite number?
True
Is 163417427 a prime number?
True
Is 8789481611 a prime number?
False
Is 974641505 composite?
True
Is 2667162461 prime?
True
Is 20053358401 composite?
False
Is 21981716429 composite?
True
Is 12360005213 prime?
False
Is 9484192037 a prime number?
False
Is 54337044449 prime?
True
Is 15085110697 a composite number?
False
Is 175617393493 prime?
True
Is 744586943 a composite number?
False
Is 22869931943 prime?
True
Is 2636059823 a prime number?
False
Is 7787955937 composite?
False
Is 326091413 a prime number?
True
Is 722136893 a composite number?
True
Is 3739079473 composite?
False
Is 555789821 composite?
True
Is 1388061223 prime?
False
Is 215831591 prime?
False
Is 169497948853 a composite number?
True
Is 8191661837 composite?
True
Is 9778003771 composite?
True
Is 546804493 composite?
False
Is 849198523 prime?
True
Is 60445260613 a prime number?
True
Is 10728404759 prime?
False
Is 8771965351 prime?
True
Is 239530433 a composite number?
False
Is 325532663 a prime number?
False
Is 14287601381 prime?
True
Is 18393905923 a prime number?
True
Is 61686095101 composite?
True
Is 25835283899 prime?
False
Is 274722294331 a composite number?
False
Is 9867956233 composite?
False
Is 7064536183 composite?
False
Is 28745481 a prime number?
False
Is 67974190997 a composite number?
False
Is 252610451 prime?
True
Is 1298303081 composite?
False
Is 1339976837 a prime number?
True
Is 1446